of 26 and y?
13
Let y be ((-7)/(-3))/((-17)/9 + 2). Suppose p = 29 - y. Calculate the highest common divisor of p and 12.
4
Let i(f) = -54*f + 16. Let k be i(-1). What is the highest common divisor of 90 and k?
10
Let s(c) = -2*c + 7. Let f be s(4). Let o be f - (1 - 3) - -13. Suppose 686 = -19*g + 26*g. Calculate the highest common divisor of o and g.
14
Let x(y) = y**3 + 8*y**2 + 3*y - 18. Let o be x(-7). Suppose 3*b = -4*p + p + 117, 4*p = 5*b - 204. What is the greatest common divisor of o and b?
10
Let l(v) = 6*v + 35. Let r be l(-5). Suppose 0 = -14*z + 9*z + r. Calculate the greatest common factor of 4 and z.
1
Let s = -31 - -66. Let o = -25 + s. Let t(m) = 3*m**2 - 11*m + 10. Let c be t(7). What is the greatest common factor of c and o?
10
Let b be (16/6)/(2/6). Suppose b = a - 28. Suppose -10*u = 20*u - 120. What is the greatest common divisor of a and u?
4
Let h be 160/(-9) + 6/(-27). Let a = h - -34. Let i(g) = 2*g**3 - g**2 + 1. Let o be i(1). What is the greatest common divisor of o and a?
2
Let o be 3*((-7)/(-3) + -1). Suppose d - 20 = 11*d. Let m be ((-6)/d)/3 - -5. Calculate the highest common factor of o and m.
2
Let o = -15 - -16. Let s be (7/(-3))/(o/(-3)). What is the greatest common factor of s and 63?
7
Let o = 88 + 441. Let y = o - 57. What is the greatest common divisor of 59 and y?
59
Suppose 8 + 9 = x - 5*i, -4*x - 20 = 2*i. Let p = x + 5. Suppose -2*a - t + 14 = 0, p*a + 14 = 3*a + 4*t. What is the greatest common divisor of 6 and a?
6
Let v = 38 + 20. Calculate the greatest common divisor of 87 and v.
29
Let s = -28 - -108. Let d be (50 + -2)/(9 - (-96)/(-12)). What is the highest common divisor of d and s?
16
Suppose -5*h + 10 + 40 = 0. Suppose -1 = -2*s - 4*j + 15, -s = 4*j - h. What is the greatest common factor of 42 and s?
6
Let d = 105 - 93. Suppose -4 = 5*j - 6*j. Calculate the greatest common divisor of d and j.
4
Suppose -7 = -5*h + 4*h. Suppose i - h + 5 = 0. Let l be i/1 - (0 + -5). What is the greatest common factor of l and 77?
7
Let v be (-19)/(-95) + ((-154)/(-5) - 1). What is the highest common divisor of 40 and v?
10
Suppose 0*v - 20 = -4*v. Suppose -3*o + v*i = -23 - 26, o - 3*i = 23. Calculate the highest common divisor of o and 20.
4
Suppose 4*a - 1864 = 2*t, 3*a - 50*t + 53*t = 1380. Calculate the highest common factor of a and 29.
29
Suppose 6*f = 11*f + 15, 6647 = 4*h + 3*f. Calculate the highest common factor of 52 and h.
52
Let d be (336/(-105))/(2/(-25)). Let c = -22 + d. Calculate the greatest common divisor of 6 and c.
6
Let k(g) = 6*g**3 + 4*g + 4. Let z be k(-2). Let d = z + 57. Let t(s) = -s - 3. Let n be t(-4). What is the highest common divisor of n and d?
1
Let f(b) = -3*b - 12. Let h be f(-1). Suppose -3*w = -3*n - w + 57, -n - 2*w + 19 = 0. Let o = h + n. Calculate the highest common factor of 40 and o.
10
Suppose 38 = 5*v - 82. What is the highest common divisor of v and 648?
24
Suppose 19 = -3*i - 74. Let c = i + 59. Calculate the greatest common divisor of c and 7.
7
Let t = 283 + 329. What is the highest common factor of 36 and t?
36
Let n be (1/2)/(1/(-94)). Let d = n + 21. Let t = -11 - d. Calculate the highest common divisor of t and 75.
15
Let d(l) = 18*l**3 - 2*l**2 + 4*l - 2. Let f be d(1). What is the highest common divisor of 24 and f?
6
Suppose -8 = 2*a, 5*a + 4 = -5*v - 1. Suppose 10*u = 54*u - 264. What is the greatest common divisor of v and u?
3
Let n(l) be the first derivative of -12*l**4 - l**2/2 + 8. Let a be n(-1). Let z = -27 + a. Calculate the greatest common factor of 11 and z.
11
Suppose -3*a + a + 54 = 0. Let h(n) = 4*n - 163. Let m be h(43). Calculate the highest common factor of a and m.
9
Suppose -4*i = -3*d + 20, -4*d = 6*i - i - 6. Let n be (i - -118)/2 + -4. Calculate the highest common divisor of 9 and n.
9
Let v be (-79 - -84)/(1/12). What is the highest common factor of 36 and v?
12
Suppose -6*h - 39*h = -540. Calculate the highest common factor of 588 and h.
12
Suppose 3*j - 4*j + 44 = 0. Suppose j - 16 = 4*f. Let y(q) = 2*q**2. Let d be y(f). What is the highest common factor of 14 and d?
14
Suppose 2*n - 4*n + 412 = 4*q, -q + 108 = 3*n. Let u = q - 54. What is the greatest common divisor of 12 and u?
12
Let r(t) = -50*t - 166. Let x be r(-5). What is the greatest common divisor of 96 and x?
12
Let h(l) = -2*l + 48. Let r be h(23). Suppose -r*m - 6 = -8*m. Calculate the highest common divisor of m and 11.
1
Suppose w - 3505 = -5*c - 0*w, -c + 5*w + 727 = 0. What is the highest common divisor of 78 and c?
78
Let y(b) = -15*b + 520. Let i be y(0). What is the highest common factor of i and 65?
65
Let d = -105 + 300. What is the greatest common divisor of 15 and d?
15
Suppose -3*g - 36 = -42. Let k be 1*-3 + 60/g. Calculate the highest common divisor of 243 and k.
27
Let a = -8 + 8. Suppose a = -6*p + 171 - 39. Calculate the greatest common factor of p and 242.
22
Let c(x) = 220*x + 14. Let y(l) = -441*l - 29. Let i(p) = -7*c(p) - 3*y(p). Let s be i(-2). Calculate the highest common divisor of 47 and s.
47
Suppose 3*g - 216 + 0 = 0. Let t = 47 - 29. What is the highest common factor of g and t?
18
Suppose 72 = 2*i + 2*i. Suppose -6*s = -2*s - 4*m - 8, -4 = -4*m. Let k = i - s. Calculate the greatest common factor of 15 and k.
15
Let x be (1 - 4 - -2)/(-1). Let p be x/(-5) - (-92)/10. Let q = p + 21. What is the highest common divisor of q and 15?
15
Let n(a) = -a**2 - 8*a. Let i be n(-8). Suppose i = 4*u + 37 - 213. Calculate the highest common divisor of u and 44.
44
Suppose -5*u = -0*u - 85. Suppose -3*o = -u + 8. What is the greatest common divisor of 33 and o?
3
Let f be (7 + 58/(-6))*-6. What is the highest common factor of f and 72?
8
Let x = 557 + -373. Suppose 0 = -5*t + x + 146. What is the highest common divisor of 99 and t?
33
Let v be 10/6 + (-1)/(-3). Let o = -13121 + 13122. What is the greatest common factor of v and o?
1
Let d be 4/30 - 163/(-15). Suppose 5*s = d*s - 72. Calculate the greatest common factor of s and 96.
12
Suppose -3*p + 3*z - 6 = 0, 10 = 3*p - 2*z + 3*z. Suppose p*u = u + 4. Suppose u*d = 2 + 6. What is the highest common divisor of 14 and d?
2
Let b(x) = -5*x + 28. Let u be b(8). Let a = 33 + u. What is the highest common divisor of a and 14?
7
Let y(u) = u**2 + 11*u + 3. Let k be y(-11). Suppose -k*o + 27 = -21. Calculate the greatest common divisor of o and 128.
16
Let f be 30/(3 + -1)*(-17)/(-1). What is the greatest common factor of 75 and f?
15
Suppose 19 = -5*n - 4*w + 225, 0 = -3*n - 3*w + 123. Let r be 2556/(-21) + 4/14*-1. Let k = r - -136. What is the highest common divisor of n and k?
14
Let f = 2 + 16. Calculate the highest common divisor of 1530 and f.
18
Let w be ((-20)/(-15) - 3)*-3. Suppose -w*f + f + 48 = 0. Calculate the highest common divisor of 2 and f.
2
Let q(u) = -14*u + 14. Let b(g) = -27*g + 29. Let w(n) = -6*b(n) + 11*q(n). Let c be w(5). Let a = 7 + -3. Calculate the greatest common factor of a and c.
4
Let i(q) = -19*q - 7. Let u be i(-25). What is the highest common divisor of 52 and u?
52
Let s = 9 - 7. Suppose 2*v - 100 = -s*v. Suppose 3*r - 7*r = 2*m - 74, 5*r = -m + v. What is the greatest common factor of 30 and m?
15
Let k be (2 - 2) + (-6715)/20*-4. What is the highest common factor of 34 and k?
17
Suppose -2*v = i + 3*v - 10, -3*i + 60 = 5*v. Let b = 38 - i. Suppose 3*f - b = 14. Calculate the highest common divisor of f and 3.
3
Let m(j) = j**2 - 10*j - 5. Let s be m(9). Let d = s + 28. Suppose 0 = i + 4*i - 280. What is the highest common factor of i and d?
14
Let x be 0/(-1) - -2 - (-1240)/(-20). Let l = -10 - x. What is the greatest common factor of l and 20?
10
Suppose -15*q = 39*q - 60750. What is the highest common factor of 45 and q?
45
Suppose 947 - 1016 = -i. What is the greatest common factor of 621 and i?
69
Let k = -45 + 45. Suppose k = -d - d + 40. Let u = 368 - 228. Calculate the greatest common divisor of d and u.
20
Let j = 9617 + -9582. Suppose 0 = -2*n + w + 276, -328 - 104 = -3*n - 3*w. Calculate the greatest common factor of j and n.
35
Suppose 4*l - 19 = -y, 16 = -4*l + 24. Calculate the greatest common factor of y and 7.
1
Suppose -5*i - 3*c - 36 = 37, 3*i + 2*c + 43 = 0. Let b = -10 - i. Calculate the highest common divisor of b and 1.
1
Let u be ((